{"id":226,"date":"2026-02-12T16:24:30","date_gmt":"2026-02-12T16:24:30","guid":{"rendered":"https:\/\/www.conseil100t.fr\/?page_id=226"},"modified":"2026-02-14T13:37:00","modified_gmt":"2026-02-14T13:37:00","slug":"conseil-audit","status":"publish","type":"page","link":"https:\/\/www.conseil100t.fr\/?page_id=226","title":{"rendered":"Conseil &amp; Audit"},"content":{"rendered":"\n<p><\/p>\n\n\n\n<div class=\"wp-block-uagb-advanced-heading uagb-block-af7f5273\"><h2 class=\"uagb-heading-text\"><br><br>Conseil &amp; Audit RH : <br>S\u00e9curisez le maintien dans l&#8217;emploi<br><\/h2><\/div>\n\n\n\n<p>Ne laissez plus l&rsquo;improvisation g\u00e9rer la maladie au travail. Transformez une contrainte en levier de fid\u00e9lisation.<\/p>\n\n\n\n<div class=\"wp-block-uagb-advanced-heading uagb-block-963f8f45\"><h2 class=\"uagb-heading-text\">L&rsquo;improvisation a un co\u00fbt humain et financier<\/h2><\/div>\n\n\n\n<div class=\"wp-block-columns is-layout-flex wp-container-core-columns-is-layout-28f84493 wp-block-columns-is-layout-flex\" style=\"border-width:8px\">\n<div class=\"wp-block-column is-layout-flow wp-block-column-is-layout-flow\" style=\"flex-basis:33.33%\">\n<div class=\"wp-block-uagb-image uagb-block-bad712f1 wp-block-uagb-image--layout-default wp-block-uagb-image--effect-static wp-block-uagb-image--align-none\"><figure class=\"wp-block-uagb-image__figure\"><img decoding=\"async\" srcset=\"https:\/\/www.conseil100t.fr\/wp-content\/uploads\/2026\/02\/pexels-photo-9610455-9610455-edited-1024x1024.jpg ,https:\/\/www.conseil100t.fr\/wp-content\/uploads\/2026\/02\/pexels-photo-9610455-9610455-edited-scaled.jpg 780w, https:\/\/www.conseil100t.fr\/wp-content\/uploads\/2026\/02\/pexels-photo-9610455-9610455-edited-scaled.jpg 360w\" sizes=\"auto, (max-width: 480px) 150px\" src=\"https:\/\/www.conseil100t.fr\/wp-content\/uploads\/2026\/02\/pexels-photo-9610455-9610455-edited-1024x1024.jpg\" alt=\"Yellow caution sign warns of fall hazard near a scenic ocean view with green foliage.\" class=\"uag-image-238\" width=\"1024\" height=\"1024\" title=\"pexels photo 9610455 9610455\" loading=\"lazy\" role=\"img\"\/><\/figure><\/div>\n<\/div>\n\n\n\n<div class=\"wp-block-column is-layout-flow wp-block-column-is-layout-flow\" style=\"flex-basis:66.66%\">\n<p>Face \u00e0 l&rsquo;annonce d&rsquo;un cancer ou au retour d&rsquo;un collaborateur apr\u00e8s une longue absence, les proc\u00e9dures RH classiques atteignent souvent leurs limites <br>= Le risque ? <br>Un retour rat\u00e9, une rechute, une \u00e9quipe d\u00e9sorganis\u00e9e et un risque juridique accru. <br><strong>Conseil 100T<\/strong> vous accompagne pour passer de la gestion de l&rsquo;urgence \u00e0 une v\u00e9ritable strat\u00e9gie d&rsquo;inclusion.<\/p>\n<\/div>\n<\/div>\n\n\n\n<div class=\"wp-block-uagb-advanced-heading uagb-block-e10d7dba\"><h3 class=\"uagb-heading-text\">Gestion de Situations Complexes<\/h3><\/div>\n\n\n\n<p><strong>Pour qui ?<\/strong> Managers et RH confront\u00e9s \u00e0 un retour difficile ou une inaptitude.<\/p>\n\n\n\n<div class=\"wp-block-columns has-ast-global-color-4-color has-vivid-cyan-blue-to-vivid-purple-gradient-background has-text-color has-background has-link-color wp-elements-8411f1612a0c21e567173799172b8d4f is-layout-flex wp-container-core-columns-is-layout-28f84493 wp-block-columns-is-layout-flex\">\n<div class=\"wp-block-column is-layout-flow wp-block-column-is-layout-flow\" style=\"flex-basis:66.66%\">\n<ul class=\"wp-block-list\">\n<li>M\u00e9diation manager \/ collaborateur \/ m\u00e9decin du travail.<\/li>\n\n\n\n<li>Co-construction du planning de reprise (temps partiel th\u00e9rapeutique).<\/li>\n\n\n\n<li>Am\u00e9nagement de la charge et des objectifs.<\/li>\n\n\n\n<li>Pr\u00e9paration de l&rsquo;\u00e9quipe pour lever les non-dits.<br><br><strong>Le + :<\/strong> Un accompagnement neutre et expert pour d\u00e9bloquer la situation.<\/li>\n<\/ul>\n<\/div>\n\n\n\n<div class=\"wp-block-column is-layout-flow wp-block-column-is-layout-flow\" style=\"flex-basis:33.33%\">\n<div class=\"wp-block-uagb-image uagb-block-84c95bb7 wp-block-uagb-image--layout-default wp-block-uagb-image--effect-static wp-block-uagb-image--align-none\"><figure class=\"wp-block-uagb-image__figure\"><img decoding=\"async\" srcset=\"https:\/\/www.conseil100t.fr\/wp-content\/uploads\/2026\/02\/pexels-photo-185576-185576-1024x577.jpg ,https:\/\/www.conseil100t.fr\/wp-content\/uploads\/2026\/02\/pexels-photo-185576-185576-scaled.jpg 780w, https:\/\/www.conseil100t.fr\/wp-content\/uploads\/2026\/02\/pexels-photo-185576-185576-scaled.jpg 360w\" sizes=\"auto, (max-width: 480px) 150px\" src=\"https:\/\/www.conseil100t.fr\/wp-content\/uploads\/2026\/02\/pexels-photo-185576-185576-1024x577.jpg\" alt=\"pexels photo 185576 185576\" class=\"uag-image-248\" width=\"1024\" height=\"577\" title=\"pexels photo 185576 185576\" loading=\"lazy\" role=\"img\"\/><\/figure><\/div>\n<\/div>\n<\/div>\n\n\n\n<div class=\"wp-block-uagb-advanced-heading uagb-block-45cd5dbe\"><h3 class=\"uagb-heading-text\">Audit de vos Pratiques RH<\/h3><\/div>\n\n\n\n<p><strong>Pour qui ?<\/strong> Directions RH souhaitant structurer leur politique Handicap \/ QVT<\/p>\n\n\n\n<div class=\"wp-block-columns has-ast-global-color-4-color has-vivid-cyan-blue-to-vivid-purple-gradient-background has-text-color has-background has-link-color wp-elements-a8e4246e111f01af68192cdd5b71607b is-layout-flex wp-container-core-columns-is-layout-28f84493 wp-block-columns-is-layout-flex\">\n<div class=\"wp-block-column is-layout-flow wp-block-column-is-layout-flow\" style=\"flex-basis:33.33%\">\n<div class=\"wp-block-uagb-image aligncenter uagb-block-040c1d5b wp-block-uagb-image--layout-default wp-block-uagb-image--effect-static wp-block-uagb-image--align-center\"><figure class=\"wp-block-uagb-image__figure\"><img decoding=\"async\" srcset=\"https:\/\/www.conseil100t.fr\/wp-content\/uploads\/2026\/02\/ga234b2883d9834ba6beca7c4244e57a7f1c6390d47dfb3fa09d2622095914f2dfa07a4a98ef70ae266b40a458e721f8db95b5175fecd37c059e8994e950b5f3d_1280-4942762-1024x682.jpg ,https:\/\/www.conseil100t.fr\/wp-content\/uploads\/2026\/02\/ga234b2883d9834ba6beca7c4244e57a7f1c6390d47dfb3fa09d2622095914f2dfa07a4a98ef70ae266b40a458e721f8db95b5175fecd37c059e8994e950b5f3d_1280-4942762.jpg 780w, https:\/\/www.conseil100t.fr\/wp-content\/uploads\/2026\/02\/ga234b2883d9834ba6beca7c4244e57a7f1c6390d47dfb3fa09d2622095914f2dfa07a4a98ef70ae266b40a458e721f8db95b5175fecd37c059e8994e950b5f3d_1280-4942762.jpg 360w\" sizes=\"auto, (max-width: 480px) 150px\" src=\"https:\/\/www.conseil100t.fr\/wp-content\/uploads\/2026\/02\/ga234b2883d9834ba6beca7c4244e57a7f1c6390d47dfb3fa09d2622095914f2dfa07a4a98ef70ae266b40a458e721f8db95b5175fecd37c059e8994e950b5f3d_1280-4942762-1024x682.jpg\" alt=\"medicine, doctor, hospital, medical, health, healthcare, clinic, blood pressure, medic, diagnostic, patient, care, stethoscope, blue health, blue hospital, blue medical, blue doctors, blue medicine, blue blood, blue care, blue healthcare, blood pressure, blood pressure, blood pressure, blood pressure, blood pressure, stethoscope\" class=\"uag-image-249\" width=\"1024\" height=\"1024\" title=\"ga234b2883d9834ba6beca7c4244e57a7f1c6390d47dfb3fa09d2622095914f2dfa07a4a98ef70ae266b40a458e721f8db95b5175fecd37c059e8994e950b5f3d 1280 4942762\" loading=\"lazy\" role=\"img\"\/><\/figure><\/div>\n<\/div>\n\n\n\n<div class=\"wp-block-column is-layout-flow wp-block-column-is-layout-flow\" style=\"flex-basis:66.66%\">\n<ul class=\"wp-block-list\">\n<li>Diagnostic de vos processus actuels (annonces, arr\u00eats, retours).<\/li>\n\n\n\n<li>Identification des \u00ab\u00a0trous dans la raquette\u00a0\u00bb (risques psychosociaux).<\/li>\n\n\n\n<li>Cr\u00e9ation de vos outils internes (Guide d&rsquo;entretien de retour, Charte).<\/li>\n\n\n\n<li>Mise en conformit\u00e9 avec vos obligations RSE\/OETH.<br><br><strong>Le + :<\/strong> Une feuille de route claire pour p\u00e9renniser vos actions.<\/li>\n<\/ul>\n<\/div>\n<\/div>\n\n\n\n<div class=\"wp-block-uagb-advanced-heading uagb-block-b11ce553\"><h2 class=\"uagb-heading-text\">Une approche unique : La Double Expertise<\/h2><\/div>\n\n\n\n<div class=\"wp-block-columns has-very-light-gray-to-cyan-bluish-gray-gradient-background has-background is-layout-flex wp-container-core-columns-is-layout-28f84493 wp-block-columns-is-layout-flex\">\n<div class=\"wp-block-column is-layout-flow wp-block-column-is-layout-flow\" style=\"flex-basis:66.66%\">\n<div class=\"wp-block-uagb-advanced-heading uagb-block-10db45d9\"><div class=\"uagb-heading-text\">Mon intervention se base sur une double r\u00e9alit\u00e9 : celle du Manager (20 ans d&rsquo;exp\u00e9rience op\u00e9rationnelle) et celle de la <strong>Patiente-Experte<\/strong> (Dipl\u00f4m\u00e9e de l&rsquo;Universit\u00e9 des Patients &#8211; Sorbonne). <br>Je ne vous apporte pas seulement de la th\u00e9orie, mais une compr\u00e9hension fine des freins invisibles de la maladie et des imp\u00e9ratifs \u00e9conomiques de l&rsquo;entreprise.<\/div><\/div>\n<\/div>\n\n\n\n<div class=\"wp-block-column is-layout-flow wp-block-column-is-layout-flow\" style=\"flex-basis:33.33%\">\n<div class=\"wp-block-uagb-image aligncenter uagb-block-9f691fdd wp-block-uagb-image--layout-default wp-block-uagb-image--effect-static wp-block-uagb-image--align-center\"><figure class=\"wp-block-uagb-image__figure\"><img decoding=\"async\" srcset=\"https:\/\/www.conseil100t.fr\/wp-content\/uploads\/2026\/02\/logo-sorbonne-1.png ,https:\/\/www.conseil100t.fr\/wp-content\/uploads\/2026\/02\/logo-sorbonne-1.png 780w, https:\/\/www.conseil100t.fr\/wp-content\/uploads\/2026\/02\/logo-sorbonne-1.png 360w\" sizes=\"auto, (max-width: 480px) 150px\" src=\"https:\/\/www.conseil100t.fr\/wp-content\/uploads\/2026\/02\/logo-sorbonne-1.png\" alt=\"logo sorbonne\" class=\"uag-image-227\" width=\"138\" height=\"134\" title=\"logo sorbonne\" loading=\"lazy\" role=\"img\"\/><\/figure><\/div>\n<\/div>\n<\/div>\n\n\n\n<p class=\"has-ast-global-color-4-color has-midnight-gradient-background has-text-color has-background has-link-color has-medium-font-size wp-elements-ac35876abc7f7fdee8e0fa0bf14ad325\">Chaque situation est unique !<br>Parlons de vos enjeux actuels en toute confidentialit\u00e9.<br><\/p>\n\n\n\n<div class=\"wp-block-buttons is-layout-flex wp-block-buttons-is-layout-flex\">\n<div class=\"wp-block-button is-style-fill\"><a class=\"wp-block-button__link has-light-green-cyan-background-color has-background wp-element-button\" href=\"https:\/\/www.conseil100t.fr\/?page_id=309\" style=\"border-width:1px\">Contact<\/a><\/div>\n<\/div>\n\n\n\n<p><br><\/p>\n\n\n\n<p><\/p>\n","protected":false},"excerpt":{"rendered":"<p>Conseil &amp; Audit RH : S\u00e9curisez le maintien dans l&#8217;emploi Ne laissez plus l&rsquo;improvisation g\u00e9rer la maladie au travail. Transformez [&hellip;]<\/p>\n","protected":false},"author":1,"featured_media":0,"parent":0,"menu_order":0,"comment_status":"closed","ping_status":"closed","template":"","meta":{"_uag_custom_page_level_css":"","site-sidebar-layout":"default","site-content-layout":"","ast-site-content-layout":"default","site-content-style":"default","site-sidebar-style":"default","ast-global-header-display":"","ast-banner-title-visibility":"","ast-main-header-display":"","ast-hfb-above-header-display":"","ast-hfb-below-header-display":"","ast-hfb-mobile-header-display":"","site-post-title":"","ast-breadcrumbs-content":"","ast-featured-img":"","footer-sml-layout":"","ast-disable-related-posts":"","theme-transparent-header-meta":"","adv-header-id-meta":"","stick-header-meta":"","header-above-stick-meta":"","header-main-stick-meta":"","header-below-stick-meta":"","astra-migrate-meta-layouts":"default","ast-page-background-enabled":"default","ast-page-background-meta":{"desktop":{"background-color":"var(--ast-global-color-5)","background-image":"","background-repeat":"repeat","background-position":"center center","background-size":"auto","background-attachment":"scroll","background-type":"","background-media":"","overlay-type":"","overlay-color":"","overlay-opacity":"","overlay-gradient":""},"tablet":{"background-color":"","background-image":"","background-repeat":"repeat","background-position":"center center","background-size":"auto","background-attachment":"scroll","background-type":"","background-media":"","overlay-type":"","overlay-color":"","overlay-opacity":"","overlay-gradient":""},"mobile":{"background-color":"","background-image":"","background-repeat":"repeat","background-position":"center center","background-size":"auto","background-attachment":"scroll","background-type":"","background-media":"","overlay-type":"","overlay-color":"","overlay-opacity":"","overlay-gradient":""}},"ast-content-background-meta":{"desktop":{"background-color":"var(--ast-global-color-4)","background-image":"","background-repeat":"repeat","background-position":"center center","background-size":"auto","background-attachment":"scroll","background-type":"","background-media":"","overlay-type":"","overlay-color":"","overlay-opacity":"","overlay-gradient":""},"tablet":{"background-color":"var(--ast-global-color-4)","background-image":"","background-repeat":"repeat","background-position":"center center","background-size":"auto","background-attachment":"scroll","background-type":"","background-media":"","overlay-type":"","overlay-color":"","overlay-opacity":"","overlay-gradient":""},"mobile":{"background-color":"var(--ast-global-color-4)","background-image":"","background-repeat":"repeat","background-position":"center center","background-size":"auto","background-attachment":"scroll","background-type":"","background-media":"","overlay-type":"","overlay-color":"","overlay-opacity":"","overlay-gradient":""}},"footnotes":""},"class_list":["post-226","page","type-page","status-publish","hentry"],"yoast_head":"<!-- This site is optimized with the Yoast SEO plugin v26.9 - https:\/\/yoast.com\/product\/yoast-seo-wordpress\/ -->\n<title>Conseil &amp; Audit - Conseil100T<\/title>\n<meta name=\"robots\" content=\"index, follow, max-snippet:-1, max-image-preview:large, max-video-preview:-1\" \/>\n<link rel=\"canonical\" href=\"https:\/\/www.conseil100t.fr\/?page_id=226\" \/>\n<meta property=\"og:locale\" content=\"fr_FR\" \/>\n<meta property=\"og:type\" content=\"article\" \/>\n<meta property=\"og:title\" content=\"Conseil &amp; Audit - Conseil100T\" \/>\n<meta property=\"og:description\" content=\"Conseil &amp; Audit RH : S\u00e9curisez le maintien dans l&#8217;emploi Ne laissez plus l&rsquo;improvisation g\u00e9rer la maladie au travail. Transformez [&hellip;]\" \/>\n<meta property=\"og:url\" content=\"https:\/\/www.conseil100t.fr\/?page_id=226\" \/>\n<meta property=\"og:site_name\" content=\"Conseil100T\" \/>\n<meta property=\"article:modified_time\" content=\"2026-02-14T13:37:00+00:00\" \/>\n<meta property=\"og:image\" content=\"http:\/\/www.conseil100t.fr\/wp-content\/uploads\/2026\/02\/pexels-photo-9610455-9610455-edited-1024x1024.jpg\" \/>\n<meta name=\"twitter:card\" content=\"summary_large_image\" \/>\n<meta name=\"twitter:label1\" content=\"Dur\u00e9e de lecture estim\u00e9e\" \/>\n\t<meta name=\"twitter:data1\" content=\"3 minutes\" \/>\n<script type=\"application\/ld+json\" class=\"yoast-schema-graph\">{\"@context\":\"https:\/\/schema.org\",\"@graph\":[{\"@type\":\"WebPage\",\"@id\":\"https:\/\/www.conseil100t.fr\/?page_id=226\",\"url\":\"https:\/\/www.conseil100t.fr\/?page_id=226\",\"name\":\"Conseil &amp; Audit - Conseil100T\",\"isPartOf\":{\"@id\":\"http:\/\/www.conseil100t.fr\/#website\"},\"primaryImageOfPage\":{\"@id\":\"https:\/\/www.conseil100t.fr\/?page_id=226#primaryimage\"},\"image\":{\"@id\":\"https:\/\/www.conseil100t.fr\/?page_id=226#primaryimage\"},\"thumbnailUrl\":\"http:\/\/www.conseil100t.fr\/wp-content\/uploads\/2026\/02\/pexels-photo-9610455-9610455-edited-1024x1024.jpg\",\"datePublished\":\"2026-02-12T16:24:30+00:00\",\"dateModified\":\"2026-02-14T13:37:00+00:00\",\"breadcrumb\":{\"@id\":\"https:\/\/www.conseil100t.fr\/?page_id=226#breadcrumb\"},\"inLanguage\":\"fr-FR\",\"potentialAction\":[{\"@type\":\"ReadAction\",\"target\":[\"https:\/\/www.conseil100t.fr\/?page_id=226\"]}]},{\"@type\":\"ImageObject\",\"inLanguage\":\"fr-FR\",\"@id\":\"https:\/\/www.conseil100t.fr\/?page_id=226#primaryimage\",\"url\":\"http:\/\/www.conseil100t.fr\/wp-content\/uploads\/2026\/02\/pexels-photo-9610455-9610455-edited-1024x1024.jpg\",\"contentUrl\":\"http:\/\/www.conseil100t.fr\/wp-content\/uploads\/2026\/02\/pexels-photo-9610455-9610455-edited-1024x1024.jpg\"},{\"@type\":\"BreadcrumbList\",\"@id\":\"https:\/\/www.conseil100t.fr\/?page_id=226#breadcrumb\",\"itemListElement\":[{\"@type\":\"ListItem\",\"position\":1,\"name\":\"Accueil\",\"item\":\"http:\/\/www.conseil100t.fr\/\"},{\"@type\":\"ListItem\",\"position\":2,\"name\":\"Conseil &amp; Audit\"}]},{\"@type\":\"WebSite\",\"@id\":\"http:\/\/www.conseil100t.fr\/#website\",\"url\":\"http:\/\/www.conseil100t.fr\/\",\"name\":\"Conseil100T\",\"description\":\"R\u00e9v\u00e9lez le potentiel humain de votre entreprise !\",\"publisher\":{\"@id\":\"http:\/\/www.conseil100t.fr\/#organization\"},\"potentialAction\":[{\"@type\":\"SearchAction\",\"target\":{\"@type\":\"EntryPoint\",\"urlTemplate\":\"http:\/\/www.conseil100t.fr\/?s={search_term_string}\"},\"query-input\":{\"@type\":\"PropertyValueSpecification\",\"valueRequired\":true,\"valueName\":\"search_term_string\"}}],\"inLanguage\":\"fr-FR\"},{\"@type\":\"Organization\",\"@id\":\"http:\/\/www.conseil100t.fr\/#organization\",\"name\":\"Conseil100T\",\"url\":\"http:\/\/www.conseil100t.fr\/\",\"logo\":{\"@type\":\"ImageObject\",\"inLanguage\":\"fr-FR\",\"@id\":\"http:\/\/www.conseil100t.fr\/#\/schema\/logo\/image\/\",\"url\":\"https:\/\/www.conseil100t.fr\/wp-content\/uploads\/2026\/02\/cropped-logo-1.png\",\"contentUrl\":\"https:\/\/www.conseil100t.fr\/wp-content\/uploads\/2026\/02\/cropped-logo-1.png\",\"width\":311,\"height\":83,\"caption\":\"Conseil100T\"},\"image\":{\"@id\":\"http:\/\/www.conseil100t.fr\/#\/schema\/logo\/image\/\"}}]}<\/script>\n<!-- \/ Yoast SEO plugin. -->","yoast_head_json":{"title":"Conseil &amp; Audit - Conseil100T","robots":{"index":"index","follow":"follow","max-snippet":"max-snippet:-1","max-image-preview":"max-image-preview:large","max-video-preview":"max-video-preview:-1"},"canonical":"https:\/\/www.conseil100t.fr\/?page_id=226","og_locale":"fr_FR","og_type":"article","og_title":"Conseil &amp; Audit - Conseil100T","og_description":"Conseil &amp; Audit RH : S\u00e9curisez le maintien dans l&#8217;emploi Ne laissez plus l&rsquo;improvisation g\u00e9rer la maladie au travail. Transformez [&hellip;]","og_url":"https:\/\/www.conseil100t.fr\/?page_id=226","og_site_name":"Conseil100T","article_modified_time":"2026-02-14T13:37:00+00:00","og_image":[{"url":"http:\/\/www.conseil100t.fr\/wp-content\/uploads\/2026\/02\/pexels-photo-9610455-9610455-edited-1024x1024.jpg","type":"","width":"","height":""}],"twitter_card":"summary_large_image","twitter_misc":{"Dur\u00e9e de lecture estim\u00e9e":"3 minutes"},"schema":{"@context":"https:\/\/schema.org","@graph":[{"@type":"WebPage","@id":"https:\/\/www.conseil100t.fr\/?page_id=226","url":"https:\/\/www.conseil100t.fr\/?page_id=226","name":"Conseil &amp; Audit - Conseil100T","isPartOf":{"@id":"http:\/\/www.conseil100t.fr\/#website"},"primaryImageOfPage":{"@id":"https:\/\/www.conseil100t.fr\/?page_id=226#primaryimage"},"image":{"@id":"https:\/\/www.conseil100t.fr\/?page_id=226#primaryimage"},"thumbnailUrl":"http:\/\/www.conseil100t.fr\/wp-content\/uploads\/2026\/02\/pexels-photo-9610455-9610455-edited-1024x1024.jpg","datePublished":"2026-02-12T16:24:30+00:00","dateModified":"2026-02-14T13:37:00+00:00","breadcrumb":{"@id":"https:\/\/www.conseil100t.fr\/?page_id=226#breadcrumb"},"inLanguage":"fr-FR","potentialAction":[{"@type":"ReadAction","target":["https:\/\/www.conseil100t.fr\/?page_id=226"]}]},{"@type":"ImageObject","inLanguage":"fr-FR","@id":"https:\/\/www.conseil100t.fr\/?page_id=226#primaryimage","url":"http:\/\/www.conseil100t.fr\/wp-content\/uploads\/2026\/02\/pexels-photo-9610455-9610455-edited-1024x1024.jpg","contentUrl":"http:\/\/www.conseil100t.fr\/wp-content\/uploads\/2026\/02\/pexels-photo-9610455-9610455-edited-1024x1024.jpg"},{"@type":"BreadcrumbList","@id":"https:\/\/www.conseil100t.fr\/?page_id=226#breadcrumb","itemListElement":[{"@type":"ListItem","position":1,"name":"Accueil","item":"http:\/\/www.conseil100t.fr\/"},{"@type":"ListItem","position":2,"name":"Conseil &amp; Audit"}]},{"@type":"WebSite","@id":"http:\/\/www.conseil100t.fr\/#website","url":"http:\/\/www.conseil100t.fr\/","name":"Conseil100T","description":"R\u00e9v\u00e9lez le potentiel humain de votre entreprise !","publisher":{"@id":"http:\/\/www.conseil100t.fr\/#organization"},"potentialAction":[{"@type":"SearchAction","target":{"@type":"EntryPoint","urlTemplate":"http:\/\/www.conseil100t.fr\/?s={search_term_string}"},"query-input":{"@type":"PropertyValueSpecification","valueRequired":true,"valueName":"search_term_string"}}],"inLanguage":"fr-FR"},{"@type":"Organization","@id":"http:\/\/www.conseil100t.fr\/#organization","name":"Conseil100T","url":"http:\/\/www.conseil100t.fr\/","logo":{"@type":"ImageObject","inLanguage":"fr-FR","@id":"http:\/\/www.conseil100t.fr\/#\/schema\/logo\/image\/","url":"https:\/\/www.conseil100t.fr\/wp-content\/uploads\/2026\/02\/cropped-logo-1.png","contentUrl":"https:\/\/www.conseil100t.fr\/wp-content\/uploads\/2026\/02\/cropped-logo-1.png","width":311,"height":83,"caption":"Conseil100T"},"image":{"@id":"http:\/\/www.conseil100t.fr\/#\/schema\/logo\/image\/"}}]}},"uagb_featured_image_src":{"full":false,"thumbnail":false,"medium":false,"medium_large":false,"large":false,"1536x1536":false,"2048x2048":false},"uagb_author_info":{"display_name":"conseicontact","author_link":"https:\/\/www.conseil100t.fr\/?author=1"},"uagb_comment_info":0,"uagb_excerpt":"Conseil &amp; Audit RH : S\u00e9curisez le maintien dans l&#8217;emploi Ne laissez plus l&rsquo;improvisation g\u00e9rer la maladie au travail. Transformez [&hellip;]","_links":{"self":[{"href":"https:\/\/www.conseil100t.fr\/index.php?rest_route=\/wp\/v2\/pages\/226","targetHints":{"allow":["GET"]}}],"collection":[{"href":"https:\/\/www.conseil100t.fr\/index.php?rest_route=\/wp\/v2\/pages"}],"about":[{"href":"https:\/\/www.conseil100t.fr\/index.php?rest_route=\/wp\/v2\/types\/page"}],"author":[{"embeddable":true,"href":"https:\/\/www.conseil100t.fr\/index.php?rest_route=\/wp\/v2\/users\/1"}],"replies":[{"embeddable":true,"href":"https:\/\/www.conseil100t.fr\/index.php?rest_route=%2Fwp%2Fv2%2Fcomments&post=226"}],"version-history":[{"count":13,"href":"https:\/\/www.conseil100t.fr\/index.php?rest_route=\/wp\/v2\/pages\/226\/revisions"}],"predecessor-version":[{"id":333,"href":"https:\/\/www.conseil100t.fr\/index.php?rest_route=\/wp\/v2\/pages\/226\/revisions\/333"}],"wp:attachment":[{"href":"https:\/\/www.conseil100t.fr\/index.php?rest_route=%2Fwp%2Fv2%2Fmedia&parent=226"}],"curies":[{"name":"wp","href":"https:\/\/api.w.org\/{rel}","templated":true}]}}