{"id":252,"date":"2026-02-12T17:20:21","date_gmt":"2026-02-12T17:20:21","guid":{"rendered":"https:\/\/www.conseil100t.fr\/?page_id=252"},"modified":"2026-02-14T13:35:43","modified_gmt":"2026-02-14T13:35:43","slug":"www-conseil100t-fr-accompagnement-cancer-au-travail","status":"publish","type":"page","link":"https:\/\/www.conseil100t.fr\/?page_id=252","title":{"rendered":"Nos solutions"},"content":{"rendered":"\n<div class=\"wp-block-uagb-advanced-heading uagb-block-519ffc4b\"><h1 class=\"uagb-heading-text\"><br><br>Nos solutions<br><\/h1><\/div>\n\n\n\n<p><\/p>\n\n\n\n<div class=\"wp-block-uagb-advanced-heading uagb-block-b921b525\"><h3 class=\"uagb-heading-text\">\ud83d\udce3Conf\u00e9rences Inspirantes<\/h3><\/div>\n\n\n\n<p><em>L&rsquo;\u00e9tincelle pour lib\u00e9rer la parole.<\/em> Brisez les tabous et f\u00e9d\u00e9rez vos \u00e9quipes autour d&rsquo;un r\u00e9cit positif et r\u00e9silient. Id\u00e9al pour vos \u00e9v\u00e9nements (Octobre Rose, SEEPH, S\u00e9minaires.<\/p>\n\n\n\n<div class=\"wp-block-buttons is-layout-flex wp-block-buttons-is-layout-flex\">\n<div class=\"wp-block-button\"><a class=\"wp-block-button__link has-vivid-cyan-blue-to-vivid-purple-gradient-background has-background wp-element-button\" href=\"https:\/\/www.conseil100t.fr\/?page_id=210\">Conf\u00e9rences &amp; Sensibilisation &#8211; Conseil100T<\/a><\/div>\n<\/div>\n\n\n\n<div class=\"wp-block-uagb-advanced-heading uagb-block-caf67339\"><h3 class=\"uagb-heading-text\">\ud83e\uddf0Formation &amp; Ateliers Managers<\/h3><\/div>\n\n\n\n<p><em>Les outils pour agir au quotidien.<\/em> Le \u00ab\u00a0Pack S\u00e9r\u00e9nit\u00e9\u00a0\u00bb : Formez vos managers \u00e0 adopter la juste posture, conna\u00eetre le cadre l\u00e9gal et r\u00e9ussir le maintien dans l&#8217;emploi.<\/p>\n\n\n\n<div class=\"wp-block-buttons is-layout-flex wp-block-buttons-is-layout-flex\">\n<div class=\"wp-block-button\"><a class=\"wp-block-button__link has-vivid-cyan-blue-to-vivid-purple-gradient-background has-background wp-element-button\" href=\"https:\/\/www.conseil100t.fr\/?page_id=154\">Mon Offre Entreprise &#8211; Conseil100T<\/a><\/div>\n<\/div>\n\n\n\n<div class=\"wp-block-uagb-advanced-heading uagb-block-4ffb28e5\"><h3 class=\"uagb-heading-text\">\ud83e\uddedAudit &amp; Conseil Strat\u00e9gique<\/h3><\/div>\n\n\n\n<p><em>La m\u00e9thode pour s\u00e9curiser l&rsquo;organisation.<\/em> Accompagnement sur-mesure pour g\u00e9rer les cas complexes (retours, inaptitudes) et structurer votre politique Handicap\/QVCT.<\/p>\n\n\n\n<div class=\"wp-block-buttons is-layout-flex wp-block-buttons-is-layout-flex\">\n<div class=\"wp-block-button\"><a class=\"wp-block-button__link has-vivid-cyan-blue-to-vivid-purple-gradient-background has-background wp-element-button\" href=\"https:\/\/www.conseil100t.fr\/?page_id=226\">Conseil &amp; Audit &#8211; Conseil100T<\/a><\/div>\n<\/div>\n\n\n\n<div class=\"wp-block-uagb-advanced-heading uagb-block-688fc0fe\"><h3 class=\"uagb-heading-text\">\ud83d\udcc4Vous avez besoin d&rsquo;un support pour en parler en interne ?<\/h3><\/div>\n\n\n\n<p>Retrouvez l&rsquo;essentiel de mon approche et de mes offres dans ma plaquette synth\u00e9tique.<\/p>\n\n\n\n<div data-wp-interactive=\"core\/file\" class=\"wp-block-file\"><object data-wp-bind--hidden=\"!state.hasPdfPreview\" hidden class=\"wp-block-file__embed\" data=\"https:\/\/www.conseil100t.fr\/wp-content\/uploads\/2026\/02\/plaquette-conseil-100t-1.pdf\" type=\"application\/pdf\" style=\"width:100%;height:330px\" aria-label=\"Contenu embarqu\u00e9 plaquette-conseil-100t.\"><\/object><a id=\"wp-block-file--media-933cb6b6-a599-4e62-a2c0-070500f71b6c\" href=\"https:\/\/www.conseil100t.fr\/wp-content\/uploads\/2026\/02\/plaquette-conseil-100t-1.pdf\">plaquette-conseil-100t<\/a><a href=\"https:\/\/www.conseil100t.fr\/wp-content\/uploads\/2026\/02\/plaquette-conseil-100t-1.pdf\" class=\"wp-block-file__button wp-element-button\" download aria-describedby=\"wp-block-file--media-933cb6b6-a599-4e62-a2c0-070500f71b6c\">T\u00e9l\u00e9charger<\/a><\/div>\n\n\n\n<p class=\"has-medium-font-size\">Me contacter en toute confidentialit\u00e9<\/p>\n\n\n\n<div class=\"wp-block-buttons is-layout-flex wp-block-buttons-is-layout-flex\">\n<div class=\"wp-block-button is-style-fill\"><a class=\"wp-block-button__link has-light-green-cyan-background-color has-background wp-element-button\" href=\"https:\/\/www.conseil100t.fr\/?page_id=309\" style=\"border-width:1px\">Contact<\/a><\/div>\n<\/div>\n\n\n\n<p><\/p>\n","protected":false},"excerpt":{"rendered":"<p>Nos solutions \ud83d\udce3Conf\u00e9rences Inspirantes L&rsquo;\u00e9tincelle pour lib\u00e9rer la parole. Brisez les tabous et f\u00e9d\u00e9rez vos \u00e9quipes autour d&rsquo;un r\u00e9cit positif [&hellip;]<\/p>\n","protected":false},"author":1,"featured_media":0,"parent":0,"menu_order":0,"comment_status":"closed","ping_status":"closed","template":"","meta":{"_uag_custom_page_level_css":"","site-sidebar-layout":"default","site-content-layout":"","ast-site-content-layout":"default","site-content-style":"default","site-sidebar-style":"default","ast-global-header-display":"","ast-banner-title-visibility":"","ast-main-header-display":"","ast-hfb-above-header-display":"","ast-hfb-below-header-display":"","ast-hfb-mobile-header-display":"","site-post-title":"","ast-breadcrumbs-content":"","ast-featured-img":"","footer-sml-layout":"","ast-disable-related-posts":"","theme-transparent-header-meta":"","adv-header-id-meta":"","stick-header-meta":"","header-above-stick-meta":"","header-main-stick-meta":"","header-below-stick-meta":"","astra-migrate-meta-layouts":"default","ast-page-background-enabled":"default","ast-page-background-meta":{"desktop":{"background-color":"var(--ast-global-color-5)","background-image":"","background-repeat":"repeat","background-position":"center center","background-size":"auto","background-attachment":"scroll","background-type":"","background-media":"","overlay-type":"","overlay-color":"","overlay-opacity":"","overlay-gradient":""},"tablet":{"background-color":"","background-image":"","background-repeat":"repeat","background-position":"center center","background-size":"auto","background-attachment":"scroll","background-type":"","background-media":"","overlay-type":"","overlay-color":"","overlay-opacity":"","overlay-gradient":""},"mobile":{"background-color":"","background-image":"","background-repeat":"repeat","background-position":"center center","background-size":"auto","background-attachment":"scroll","background-type":"","background-media":"","overlay-type":"","overlay-color":"","overlay-opacity":"","overlay-gradient":""}},"ast-content-background-meta":{"desktop":{"background-color":"var(--ast-global-color-4)","background-image":"","background-repeat":"repeat","background-position":"center center","background-size":"auto","background-attachment":"scroll","background-type":"","background-media":"","overlay-type":"","overlay-color":"","overlay-opacity":"","overlay-gradient":""},"tablet":{"background-color":"var(--ast-global-color-4)","background-image":"","background-repeat":"repeat","background-position":"center center","background-size":"auto","background-attachment":"scroll","background-type":"","background-media":"","overlay-type":"","overlay-color":"","overlay-opacity":"","overlay-gradient":""},"mobile":{"background-color":"var(--ast-global-color-4)","background-image":"","background-repeat":"repeat","background-position":"center center","background-size":"auto","background-attachment":"scroll","background-type":"","background-media":"","overlay-type":"","overlay-color":"","overlay-opacity":"","overlay-gradient":""}},"footnotes":""},"class_list":["post-252","page","type-page","status-publish","hentry"],"yoast_head":"<!-- This site is optimized with the Yoast SEO plugin v26.9 - https:\/\/yoast.com\/product\/yoast-seo-wordpress\/ -->\n<title>Nos solutions - Conseil100T<\/title>\n<meta name=\"description\" content=\"D\u00e9couvrez notre accompagnement cancer au travail \u00e0 360\u00b0 : Conf\u00e9rences inspirantes, Formation managers et Audit RH pour s\u00e9curiser le maintien dans l&#039;emploi dans votre entreprise.\" \/>\n<meta name=\"robots\" content=\"index, follow, max-snippet:-1, max-image-preview:large, max-video-preview:-1\" \/>\n<link rel=\"canonical\" href=\"https:\/\/www.conseil100t.fr\/?page_id=252\" \/>\n<meta property=\"og:locale\" content=\"fr_FR\" \/>\n<meta property=\"og:type\" content=\"article\" \/>\n<meta property=\"og:title\" content=\"Nos solutions - Conseil100T\" \/>\n<meta property=\"og:description\" content=\"D\u00e9couvrez notre accompagnement cancer au travail \u00e0 360\u00b0 : Conf\u00e9rences inspirantes, Formation managers et Audit RH pour s\u00e9curiser le maintien dans l&#039;emploi dans votre entreprise.\" \/>\n<meta property=\"og:url\" content=\"https:\/\/www.conseil100t.fr\/?page_id=252\" \/>\n<meta property=\"og:site_name\" content=\"Conseil100T\" \/>\n<meta property=\"article:modified_time\" content=\"2026-02-14T13:35:43+00:00\" \/>\n<meta name=\"twitter:card\" content=\"summary_large_image\" \/>\n<meta name=\"twitter:label1\" content=\"Dur\u00e9e de lecture estim\u00e9e\" \/>\n\t<meta name=\"twitter:data1\" content=\"1 minute\" \/>\n<script type=\"application\/ld+json\" class=\"yoast-schema-graph\">{\"@context\":\"https:\/\/schema.org\",\"@graph\":[{\"@type\":\"WebPage\",\"@id\":\"https:\/\/www.conseil100t.fr\/?page_id=252\",\"url\":\"https:\/\/www.conseil100t.fr\/?page_id=252\",\"name\":\"Nos solutions - Conseil100T\",\"isPartOf\":{\"@id\":\"http:\/\/www.conseil100t.fr\/#website\"},\"datePublished\":\"2026-02-12T17:20:21+00:00\",\"dateModified\":\"2026-02-14T13:35:43+00:00\",\"description\":\"D\u00e9couvrez notre accompagnement cancer au travail \u00e0 360\u00b0 : Conf\u00e9rences inspirantes, Formation managers et Audit RH pour s\u00e9curiser le maintien dans l'emploi dans votre entreprise.\",\"breadcrumb\":{\"@id\":\"https:\/\/www.conseil100t.fr\/?page_id=252#breadcrumb\"},\"inLanguage\":\"fr-FR\",\"potentialAction\":[{\"@type\":\"ReadAction\",\"target\":[\"https:\/\/www.conseil100t.fr\/?page_id=252\"]}]},{\"@type\":\"BreadcrumbList\",\"@id\":\"https:\/\/www.conseil100t.fr\/?page_id=252#breadcrumb\",\"itemListElement\":[{\"@type\":\"ListItem\",\"position\":1,\"name\":\"Accueil\",\"item\":\"http:\/\/www.conseil100t.fr\/\"},{\"@type\":\"ListItem\",\"position\":2,\"name\":\"Nos solutions\"}]},{\"@type\":\"WebSite\",\"@id\":\"http:\/\/www.conseil100t.fr\/#website\",\"url\":\"http:\/\/www.conseil100t.fr\/\",\"name\":\"Conseil100T\",\"description\":\"R\u00e9v\u00e9lez le potentiel humain de votre entreprise !\",\"publisher\":{\"@id\":\"http:\/\/www.conseil100t.fr\/#organization\"},\"potentialAction\":[{\"@type\":\"SearchAction\",\"target\":{\"@type\":\"EntryPoint\",\"urlTemplate\":\"http:\/\/www.conseil100t.fr\/?s={search_term_string}\"},\"query-input\":{\"@type\":\"PropertyValueSpecification\",\"valueRequired\":true,\"valueName\":\"search_term_string\"}}],\"inLanguage\":\"fr-FR\"},{\"@type\":\"Organization\",\"@id\":\"http:\/\/www.conseil100t.fr\/#organization\",\"name\":\"Conseil100T\",\"url\":\"http:\/\/www.conseil100t.fr\/\",\"logo\":{\"@type\":\"ImageObject\",\"inLanguage\":\"fr-FR\",\"@id\":\"http:\/\/www.conseil100t.fr\/#\/schema\/logo\/image\/\",\"url\":\"https:\/\/www.conseil100t.fr\/wp-content\/uploads\/2026\/02\/cropped-logo-1.png\",\"contentUrl\":\"https:\/\/www.conseil100t.fr\/wp-content\/uploads\/2026\/02\/cropped-logo-1.png\",\"width\":311,\"height\":83,\"caption\":\"Conseil100T\"},\"image\":{\"@id\":\"http:\/\/www.conseil100t.fr\/#\/schema\/logo\/image\/\"}}]}<\/script>\n<!-- \/ Yoast SEO plugin. -->","yoast_head_json":{"title":"Nos solutions - Conseil100T","description":"D\u00e9couvrez notre accompagnement cancer au travail \u00e0 360\u00b0 : Conf\u00e9rences inspirantes, Formation managers et Audit RH pour s\u00e9curiser le maintien dans l'emploi dans votre entreprise.","robots":{"index":"index","follow":"follow","max-snippet":"max-snippet:-1","max-image-preview":"max-image-preview:large","max-video-preview":"max-video-preview:-1"},"canonical":"https:\/\/www.conseil100t.fr\/?page_id=252","og_locale":"fr_FR","og_type":"article","og_title":"Nos solutions - Conseil100T","og_description":"D\u00e9couvrez notre accompagnement cancer au travail \u00e0 360\u00b0 : Conf\u00e9rences inspirantes, Formation managers et Audit RH pour s\u00e9curiser le maintien dans l'emploi dans votre entreprise.","og_url":"https:\/\/www.conseil100t.fr\/?page_id=252","og_site_name":"Conseil100T","article_modified_time":"2026-02-14T13:35:43+00:00","twitter_card":"summary_large_image","twitter_misc":{"Dur\u00e9e de lecture estim\u00e9e":"1 minute"},"schema":{"@context":"https:\/\/schema.org","@graph":[{"@type":"WebPage","@id":"https:\/\/www.conseil100t.fr\/?page_id=252","url":"https:\/\/www.conseil100t.fr\/?page_id=252","name":"Nos solutions - Conseil100T","isPartOf":{"@id":"http:\/\/www.conseil100t.fr\/#website"},"datePublished":"2026-02-12T17:20:21+00:00","dateModified":"2026-02-14T13:35:43+00:00","description":"D\u00e9couvrez notre accompagnement cancer au travail \u00e0 360\u00b0 : Conf\u00e9rences inspirantes, Formation managers et Audit RH pour s\u00e9curiser le maintien dans l'emploi dans votre entreprise.","breadcrumb":{"@id":"https:\/\/www.conseil100t.fr\/?page_id=252#breadcrumb"},"inLanguage":"fr-FR","potentialAction":[{"@type":"ReadAction","target":["https:\/\/www.conseil100t.fr\/?page_id=252"]}]},{"@type":"BreadcrumbList","@id":"https:\/\/www.conseil100t.fr\/?page_id=252#breadcrumb","itemListElement":[{"@type":"ListItem","position":1,"name":"Accueil","item":"http:\/\/www.conseil100t.fr\/"},{"@type":"ListItem","position":2,"name":"Nos solutions"}]},{"@type":"WebSite","@id":"http:\/\/www.conseil100t.fr\/#website","url":"http:\/\/www.conseil100t.fr\/","name":"Conseil100T","description":"R\u00e9v\u00e9lez le potentiel humain de votre entreprise !","publisher":{"@id":"http:\/\/www.conseil100t.fr\/#organization"},"potentialAction":[{"@type":"SearchAction","target":{"@type":"EntryPoint","urlTemplate":"http:\/\/www.conseil100t.fr\/?s={search_term_string}"},"query-input":{"@type":"PropertyValueSpecification","valueRequired":true,"valueName":"search_term_string"}}],"inLanguage":"fr-FR"},{"@type":"Organization","@id":"http:\/\/www.conseil100t.fr\/#organization","name":"Conseil100T","url":"http:\/\/www.conseil100t.fr\/","logo":{"@type":"ImageObject","inLanguage":"fr-FR","@id":"http:\/\/www.conseil100t.fr\/#\/schema\/logo\/image\/","url":"https:\/\/www.conseil100t.fr\/wp-content\/uploads\/2026\/02\/cropped-logo-1.png","contentUrl":"https:\/\/www.conseil100t.fr\/wp-content\/uploads\/2026\/02\/cropped-logo-1.png","width":311,"height":83,"caption":"Conseil100T"},"image":{"@id":"http:\/\/www.conseil100t.fr\/#\/schema\/logo\/image\/"}}]}},"uagb_featured_image_src":{"full":false,"thumbnail":false,"medium":false,"medium_large":false,"large":false,"1536x1536":false,"2048x2048":false},"uagb_author_info":{"display_name":"conseicontact","author_link":"https:\/\/www.conseil100t.fr\/?author=1"},"uagb_comment_info":0,"uagb_excerpt":"Nos solutions \ud83d\udce3Conf\u00e9rences Inspirantes L&rsquo;\u00e9tincelle pour lib\u00e9rer la parole. Brisez les tabous et f\u00e9d\u00e9rez vos \u00e9quipes autour d&rsquo;un r\u00e9cit positif [&hellip;]","_links":{"self":[{"href":"https:\/\/www.conseil100t.fr\/index.php?rest_route=\/wp\/v2\/pages\/252","targetHints":{"allow":["GET"]}}],"collection":[{"href":"https:\/\/www.conseil100t.fr\/index.php?rest_route=\/wp\/v2\/pages"}],"about":[{"href":"https:\/\/www.conseil100t.fr\/index.php?rest_route=\/wp\/v2\/types\/page"}],"author":[{"embeddable":true,"href":"https:\/\/www.conseil100t.fr\/index.php?rest_route=\/wp\/v2\/users\/1"}],"replies":[{"embeddable":true,"href":"https:\/\/www.conseil100t.fr\/index.php?rest_route=%2Fwp%2Fv2%2Fcomments&post=252"}],"version-history":[{"count":13,"href":"https:\/\/www.conseil100t.fr\/index.php?rest_route=\/wp\/v2\/pages\/252\/revisions"}],"predecessor-version":[{"id":331,"href":"https:\/\/www.conseil100t.fr\/index.php?rest_route=\/wp\/v2\/pages\/252\/revisions\/331"}],"wp:attachment":[{"href":"https:\/\/www.conseil100t.fr\/index.php?rest_route=%2Fwp%2Fv2%2Fmedia&parent=252"}],"curies":[{"name":"wp","href":"https:\/\/api.w.org\/{rel}","templated":true}]}}