{"id":7,"date":"2026-02-02T13:27:15","date_gmt":"2026-02-02T13:27:15","guid":{"rendered":"http:\/\/www.conseil100t.fr\/?page_id=7"},"modified":"2026-02-14T13:35:17","modified_gmt":"2026-02-14T13:35:17","slug":"accueil","status":"publish","type":"page","link":"https:\/\/www.conseil100t.fr\/","title":{"rendered":"Qui suis_je"},"content":{"rendered":"\n<div class=\"wp-block-cover alignfull\" style=\"min-height:521px;aspect-ratio:unset;\"><span aria-hidden=\"true\" class=\"wp-block-cover__background has-background-dim-90 has-background-dim has-background-gradient\" style=\"background:radial-gradient(rgb(2,3,129) 0%,rgb(40,116,252) 100%)\"><\/span><div class=\"wp-block-cover__inner-container is-layout-flow wp-block-cover-is-layout-flow\">\n<div class=\"inherit-container-width wp-block-group alignwide is-layout-constrained wp-block-group-is-layout-constrained\">\n<div class=\"wp-block-group alignwide is-layout-constrained wp-block-group-is-layout-constrained\">\n<div class=\"wp-block-media-text alignwide has-media-on-the-right is-stacked-on-mobile is-vertically-aligned-center\" style=\"grid-template-columns:auto 15%\"><div class=\"wp-block-media-text__content\">\n<h1 class=\"wp-block-heading has-text-align-left has-white-color has-text-color has-large-font-size\"><br>CONCILIER MALADIE ET VIE D&rsquo;EQUIPE<\/h1>\n\n\n\n<p class=\"has-white-color has-text-color has-medium-font-size\">\u00ab\u00a0Une expertise terrain pour s\u00e9curiser le parcours de vos collaborateurs\u00a0\u00bb.<\/p>\n\n\n\n<p class=\"has-pale-cyan-blue-color has-text-color has-link-color has-medium-font-size wp-elements-dcbb5923c5d7a1ba908b890977b3c0a7\"><strong>42% des salari\u00e9s ont un coll\u00e8gue touch\u00e9 par une maladie grave. <br>Accompagnons vos managers pour relever ce d\u00e9fi avec justesse et s\u00e9r\u00e9nit\u00e9<\/strong><\/p>\n<\/div><figure class=\"wp-block-media-text__media\"><\/figure><\/div>\n<\/div>\n<\/div>\n<\/div><\/div>\n\n\n\n<div class=\"wp-block-group alignfull is-layout-constrained wp-container-core-group-is-layout-45b0ac4f wp-block-group-is-layout-constrained\" id=\"services\" style=\"padding-top:144px;padding-bottom:0px\">\n<h2 class=\"wp-block-heading has-text-align-center\">L&rsquo;ALLIANCE RARE DU CORPORATE ET DE L&rsquo;HUMAIN<\/h2>\n\n\n\n<div class=\"wp-block-columns is-layout-flex wp-container-core-columns-is-layout-60cbf9bb wp-block-columns-is-layout-flex\" style=\"margin-top:50px\">\n<div class=\"wp-block-column is-layout-flow wp-container-core-column-is-layout-6b73ce23 wp-block-column-is-layout-flow\">\n<figure class=\"wp-block-image aligncenter size-medium is-resized is-style-rounded\"><img decoding=\"async\" src=\"https:\/\/www.conseil100t.fr\/wp-content\/uploads\/2026\/02\/pexels-photo-3183183-3183183-300x200.jpg\" alt=\"Pexels Photo 3183183 3183183 300x200\" style=\"aspect-ratio:1.5001171966559887;width:179px;height:auto\" title=\"Qui suis_je\"><\/figure>\n\n\n\n<h3 class=\"wp-block-heading has-text-align-center\" style=\"margin-top:16px\">20 ANS VIE D&rsquo;ENTREPRISE<\/h3>\n\n\n\n<p>Cofinoga \/ Pro BTP. Management, Gestion, Pilotage de la performance.<\/p>\n<\/div>\n\n\n\n<div class=\"wp-block-column is-layout-flow wp-container-core-column-is-layout-6b73ce23 wp-block-column-is-layout-flow\">\n<figure class=\"wp-block-image aligncenter size-medium is-resized is-style-rounded\"><img decoding=\"async\" src=\"https:\/\/www.conseil100t.fr\/wp-content\/uploads\/2026\/02\/pexels-photo-7723539-7723539-300x200.jpg\" alt=\"Pexels Photo 7723539 7723539 300x200\" style=\"aspect-ratio:1.5001171966559887;width:176px;height:auto\" title=\"Qui suis_je\"><\/figure>\n\n\n\n<h3 class=\"wp-block-heading has-text-align-center\" style=\"margin-top:16px\">20 ANS EXP\u00c9RIENCE CANCER<\/h3>\n\n\n\n<p>Parcours de soins, \u00e9criture d&rsquo;ouvrages, fondation du \u00ab\u00a0Repaire de Kikou\u00a0\u00bb.<\/p>\n<\/div>\n\n\n\n<div class=\"wp-block-column is-layout-flow wp-container-core-column-is-layout-6b73ce23 wp-block-column-is-layout-flow\">\n<figure class=\"wp-block-image aligncenter size-medium is-resized is-style-rounded\"><img decoding=\"async\" src=\"https:\/\/www.conseil100t.fr\/wp-content\/uploads\/2026\/02\/logo-sorbonne-300x132.png\" alt=\"Logo Sorbonne 300x132\" style=\"width:218px;height:auto\" title=\"Qui suis_je\"><\/figure>\n\n\n\n<h3 class=\"wp-block-heading has-text-align-center\" style=\"margin-top:16px\"><strong>DIPL\u00d4M\u00c9E SORBONNE UNIVERSIT\u00c9<\/strong><\/h3>\n\n\n\n<p>Patiente Partenaire Experte. Formation des soignants &amp; \u00c9ducation Th\u00e9rapeutique (ETP).<\/p>\n<\/div>\n<\/div>\n<\/div>\n\n\n\n<div class=\"wp-block-group alignfull has-ast-global-color-4-background-color has-background is-layout-constrained wp-container-core-group-is-layout-6a2cfb7b wp-block-group-is-layout-constrained\" id=\"reviews\">\n<figure class=\"wp-block-image aligncenter size-full is-resized is-style-rounded\"><img loading=\"lazy\" decoding=\"async\" width=\"1686\" height=\"2302\" src=\"https:\/\/www.conseil100t.fr\/wp-content\/uploads\/2026\/02\/PHOTO-SANDRA1-1.jpg\" alt=\"photo sandra1\" class=\"wp-image-28\" style=\"aspect-ratio:0.7324187457084;width:67px;height:auto\" title=\"Qui suis_je\" srcset=\"https:\/\/www.conseil100t.fr\/wp-content\/uploads\/2026\/02\/PHOTO-SANDRA1-1.jpg 1686w, https:\/\/www.conseil100t.fr\/wp-content\/uploads\/2026\/02\/PHOTO-SANDRA1-1-220x300.jpg 220w, https:\/\/www.conseil100t.fr\/wp-content\/uploads\/2026\/02\/PHOTO-SANDRA1-1-750x1024.jpg 750w, https:\/\/www.conseil100t.fr\/wp-content\/uploads\/2026\/02\/PHOTO-SANDRA1-1-768x1049.jpg 768w, https:\/\/www.conseil100t.fr\/wp-content\/uploads\/2026\/02\/PHOTO-SANDRA1-1-1125x1536.jpg 1125w, https:\/\/www.conseil100t.fr\/wp-content\/uploads\/2026\/02\/PHOTO-SANDRA1-1-1500x2048.jpg 1500w\" sizes=\"auto, (max-width: 1686px) 100vw, 1686px\" \/><\/figure>\n\n\n\n<h2 class=\"wp-block-heading has-text-align-center has-background\" style=\"background:linear-gradient(135deg,rgb(255,206,236) 41%,rgb(152,150,240) 100%);font-size:22px\"><strong>Une double expertise forg\u00e9e par le temps<\/strong> !<\/h2>\n\n\n\n<p class=\"has-medium-font-size\">\u00ab\u00a0Une double expertise, singuli\u00e8re et authentique. D&rsquo;un c\u00f4t\u00e9, 20 ans de carri\u00e8re au c\u0153ur de l&rsquo;entreprise (Cofinoga, Pro BTP). De l&rsquo;autre, 20 ans \u00e0 apprivoiser la maladie au quotidien. Je fais aujourd\u2019hui converger ces deux r\u00e9alit\u00e9s pour remettre l&rsquo;humain et le dialogue au c\u0153ur de l&rsquo;action.\u00a0\u00bb<\/p>\n\n\n\n<p class=\"has-text-align-center\"><strong>Sandra Allaire<\/strong><\/p>\n\n\n\n<h2 class=\"wp-block-heading\">\u00ab\u00a0Vous \u00eates une entreprise ou une structure ?\u00a0\u00bb<\/h2>\n\n\n\n<p><em>\u00ab\u00a0D\u00e9couvrez le Pack S\u00e9r\u00e9nit\u00e9 : une solution cl\u00e9 en main pour s\u00e9curiser vos \u00e9quipes et accompagner le cancer au travail.\u00a0\u00bb<\/em> <\/p>\n\n\n\n<div class=\"wp-block-buttons is-layout-flex wp-container-core-buttons-is-layout-0f3b8869 wp-block-buttons-is-layout-flex\" style=\"padding-top:0;padding-bottom:0;font-style:normal;font-weight:200\">\n<div class=\"wp-block-button\"><a class=\"wp-block-button__link has-ast-global-color-4-color has-midnight-gradient-background has-text-color has-background has-link-color wp-element-button\" href=\"https:\/\/www.conseil100t.fr\/?page_id=252\" style=\"border-width:3px;border-top-left-radius:36px;border-top-right-radius:36px;border-bottom-left-radius:36px;border-bottom-right-radius:36px\">Nos solutions<\/a><\/div>\n<\/div>\n\n\n\n<h2 class=\"wp-block-heading\">\u00ab\u00a0T\u00e9moignage et Outils de r\u00e9silience\u00a0\u00bb<\/h2>\n\n\n\n<p>\u00ab\u00a0Mes 3 ouvrages pour t\u00e9moigner, dialoguer avec les enfants et faire de la pr\u00e9vention sant\u00e9.\u00a0\u00bb<\/p>\n\n\n\n<div class=\"wp-block-buttons is-layout-flex wp-block-buttons-is-layout-flex\">\n<div class=\"wp-block-button is-style-fill\"><a class=\"wp-block-button__link has-cool-to-warm-spectrum-gradient-background has-background wp-element-button\" href=\"https:\/\/www.conseil100t.fr\/?page_id=120\" style=\"border-width:1px\"> Mes livres<\/a><\/div>\n<\/div>\n\n\n\n<div class=\"wp-block-group alignfull is-layout-constrained wp-container-core-group-is-layout-3fee123f wp-block-group-is-layout-constrained\" id=\"whyus\" style=\"padding-top:144px;padding-bottom:144px\">\n<h2 class=\"wp-block-heading has-text-align-center has-background has-medium-font-size\" style=\"background:linear-gradient(135deg,rgb(122,220,180) 62%,rgb(0,208,130) 100%)\"><mark style=\"background-color:#7bdcb5\" class=\"has-inline-color\">Pr\u00eat \u00e0 s\u00e9curiser vos \u00e9quipes ?<\/mark><\/h2>\n\n\n\n<p class=\"has-text-align-center has-medium-font-size\"><strong>Discutons de votre besoin lors d&rsquo;un premier \u00e9change.<\/strong><\/p>\n\n\n\n<div class=\"wp-block-buttons is-layout-flex wp-block-buttons-is-layout-flex\">\n<div class=\"wp-block-button is-style-fill\"><a class=\"wp-block-button__link has-pale-cyan-blue-background-color has-background wp-element-button\" href=\"https:\/\/www.conseil100t.fr\/?page_id=309\" style=\"border-width:1px\">Contact<\/a><\/div>\n<\/div>\n\n\n\n<div class=\"wp-block-columns is-layout-flex wp-container-core-columns-is-layout-29aadeec wp-block-columns-is-layout-flex\" style=\"margin-top:60px\">\n<div class=\"wp-block-column has-very-light-gray-to-cyan-bluish-gray-gradient-background has-background is-layout-flow wp-container-core-column-is-layout-6b73ce23 wp-block-column-is-layout-flow\" id=\"contact\"><\/div>\n<\/div>\n<\/div>\n<\/div>\n","protected":false},"excerpt":{"rendered":"<p>L&rsquo;ALLIANCE RARE DU CORPORATE ET DE L&rsquo;HUMAIN 20 ANS VIE D&rsquo;ENTREPRISE Cofinoga \/ Pro BTP. Management, Gestion, Pilotage de la [&hellip;]<\/p>\n","protected":false},"author":1,"featured_media":0,"parent":0,"menu_order":0,"comment_status":"closed","ping_status":"closed","template":"","meta":{"_uag_custom_page_level_css":"","site-sidebar-layout":"no-sidebar","site-content-layout":"plain-container","ast-site-content-layout":"default","site-content-style":"default","site-sidebar-style":"default","ast-global-header-display":"","ast-banner-title-visibility":"","ast-main-header-display":"","ast-hfb-above-header-display":"","ast-hfb-below-header-display":"","ast-hfb-mobile-header-display":"","site-post-title":"disabled","ast-breadcrumbs-content":"","ast-featured-img":"","footer-sml-layout":"","ast-disable-related-posts":"","theme-transparent-header-meta":"enabled","adv-header-id-meta":"","stick-header-meta":"","header-above-stick-meta":"","header-main-stick-meta":"","header-below-stick-meta":"","astra-migrate-meta-layouts":"default","ast-page-background-enabled":"default","ast-page-background-meta":{"desktop":{"background-color":"var(--ast-global-color-5)","background-image":"","background-repeat":"repeat","background-position":"center center","background-size":"auto","background-attachment":"scroll","background-type":"","background-media":"","overlay-type":"","overlay-color":"","overlay-opacity":"","overlay-gradient":""},"tablet":{"background-color":"","background-image":"","background-repeat":"repeat","background-position":"center center","background-size":"auto","background-attachment":"scroll","background-type":"","background-media":"","overlay-type":"","overlay-color":"","overlay-opacity":"","overlay-gradient":""},"mobile":{"background-color":"","background-image":"","background-repeat":"repeat","background-position":"center center","background-size":"auto","background-attachment":"scroll","background-type":"","background-media":"","overlay-type":"","overlay-color":"","overlay-opacity":"","overlay-gradient":""}},"ast-content-background-meta":{"desktop":{"background-color":"var(--ast-global-color-4)","background-image":"","background-repeat":"repeat","background-position":"center center","background-size":"auto","background-attachment":"scroll","background-type":"","background-media":"","overlay-type":"","overlay-color":"","overlay-opacity":"","overlay-gradient":""},"tablet":{"background-color":"var(--ast-global-color-4)","background-image":"","background-repeat":"repeat","background-position":"center center","background-size":"auto","background-attachment":"scroll","background-type":"","background-media":"","overlay-type":"","overlay-color":"","overlay-opacity":"","overlay-gradient":""},"mobile":{"background-color":"var(--ast-global-color-4)","background-image":"","background-repeat":"repeat","background-position":"center center","background-size":"auto","background-attachment":"scroll","background-type":"","background-media":"","overlay-type":"","overlay-color":"","overlay-opacity":"","overlay-gradient":""}},"footnotes":""},"class_list":["post-7","page","type-page","status-publish","hentry"],"yoast_head":"<!-- This site is optimized with the Yoast SEO plugin v26.9 - https:\/\/yoast.com\/product\/yoast-seo-wordpress\/ -->\n<title>Qui suis_je - Conseil100T<\/title>\n<meta name=\"robots\" content=\"index, follow, max-snippet:-1, max-image-preview:large, max-video-preview:-1\" \/>\n<link rel=\"canonical\" href=\"http:\/\/www.conseil100t.fr\/\" \/>\n<meta property=\"og:locale\" content=\"fr_FR\" \/>\n<meta property=\"og:type\" content=\"article\" \/>\n<meta property=\"og:title\" content=\"Qui suis_je - Conseil100T\" \/>\n<meta property=\"og:description\" content=\"L&rsquo;ALLIANCE RARE DU CORPORATE ET DE L&rsquo;HUMAIN 20 ANS VIE D&rsquo;ENTREPRISE Cofinoga \/ Pro BTP. Management, Gestion, Pilotage de la [&hellip;]\" \/>\n<meta property=\"og:url\" content=\"http:\/\/www.conseil100t.fr\/\" \/>\n<meta property=\"og:site_name\" content=\"Conseil100T\" \/>\n<meta property=\"article:modified_time\" content=\"2026-02-14T13:35:17+00:00\" \/>\n<meta property=\"og:image\" content=\"https:\/\/www.conseil100t.fr\/wp-content\/uploads\/2026\/02\/pexels-photo-3183183-3183183-300x200.jpg\" \/>\n<meta name=\"twitter:card\" content=\"summary_large_image\" \/>\n<meta name=\"twitter:label1\" content=\"Dur\u00e9e de lecture estim\u00e9e\" \/>\n\t<meta name=\"twitter:data1\" content=\"2 minutes\" \/>\n<script type=\"application\/ld+json\" class=\"yoast-schema-graph\">{\"@context\":\"https:\/\/schema.org\",\"@graph\":[{\"@type\":\"WebPage\",\"@id\":\"http:\/\/www.conseil100t.fr\/\",\"url\":\"http:\/\/www.conseil100t.fr\/\",\"name\":\"Qui suis_je - Conseil100T\",\"isPartOf\":{\"@id\":\"http:\/\/www.conseil100t.fr\/#website\"},\"primaryImageOfPage\":{\"@id\":\"http:\/\/www.conseil100t.fr\/#primaryimage\"},\"image\":{\"@id\":\"http:\/\/www.conseil100t.fr\/#primaryimage\"},\"thumbnailUrl\":\"https:\/\/www.conseil100t.fr\/wp-content\/uploads\/2026\/02\/pexels-photo-3183183-3183183-300x200.jpg\",\"datePublished\":\"2026-02-02T13:27:15+00:00\",\"dateModified\":\"2026-02-14T13:35:17+00:00\",\"breadcrumb\":{\"@id\":\"http:\/\/www.conseil100t.fr\/#breadcrumb\"},\"inLanguage\":\"fr-FR\",\"potentialAction\":[{\"@type\":\"ReadAction\",\"target\":[\"http:\/\/www.conseil100t.fr\/\"]}]},{\"@type\":\"ImageObject\",\"inLanguage\":\"fr-FR\",\"@id\":\"http:\/\/www.conseil100t.fr\/#primaryimage\",\"url\":\"https:\/\/www.conseil100t.fr\/wp-content\/uploads\/2026\/02\/pexels-photo-3183183-3183183-300x200.jpg\",\"contentUrl\":\"https:\/\/www.conseil100t.fr\/wp-content\/uploads\/2026\/02\/pexels-photo-3183183-3183183-300x200.jpg\"},{\"@type\":\"BreadcrumbList\",\"@id\":\"http:\/\/www.conseil100t.fr\/#breadcrumb\",\"itemListElement\":[{\"@type\":\"ListItem\",\"position\":1,\"name\":\"Accueil\",\"item\":\"http:\/\/www.conseil100t.fr\/\"},{\"@type\":\"ListItem\",\"position\":2,\"name\":\"Qui suis_je\"}]},{\"@type\":\"WebSite\",\"@id\":\"http:\/\/www.conseil100t.fr\/#website\",\"url\":\"http:\/\/www.conseil100t.fr\/\",\"name\":\"Conseil100T\",\"description\":\"R\u00e9v\u00e9lez le potentiel humain de votre entreprise !\",\"publisher\":{\"@id\":\"http:\/\/www.conseil100t.fr\/#organization\"},\"potentialAction\":[{\"@type\":\"SearchAction\",\"target\":{\"@type\":\"EntryPoint\",\"urlTemplate\":\"http:\/\/www.conseil100t.fr\/?s={search_term_string}\"},\"query-input\":{\"@type\":\"PropertyValueSpecification\",\"valueRequired\":true,\"valueName\":\"search_term_string\"}}],\"inLanguage\":\"fr-FR\"},{\"@type\":\"Organization\",\"@id\":\"http:\/\/www.conseil100t.fr\/#organization\",\"name\":\"Conseil100T\",\"url\":\"http:\/\/www.conseil100t.fr\/\",\"logo\":{\"@type\":\"ImageObject\",\"inLanguage\":\"fr-FR\",\"@id\":\"http:\/\/www.conseil100t.fr\/#\/schema\/logo\/image\/\",\"url\":\"https:\/\/www.conseil100t.fr\/wp-content\/uploads\/2026\/02\/cropped-logo-1.png\",\"contentUrl\":\"https:\/\/www.conseil100t.fr\/wp-content\/uploads\/2026\/02\/cropped-logo-1.png\",\"width\":311,\"height\":83,\"caption\":\"Conseil100T\"},\"image\":{\"@id\":\"http:\/\/www.conseil100t.fr\/#\/schema\/logo\/image\/\"}}]}<\/script>\n<!-- \/ Yoast SEO plugin. -->","yoast_head_json":{"title":"Qui suis_je - Conseil100T","robots":{"index":"index","follow":"follow","max-snippet":"max-snippet:-1","max-image-preview":"max-image-preview:large","max-video-preview":"max-video-preview:-1"},"canonical":"http:\/\/www.conseil100t.fr\/","og_locale":"fr_FR","og_type":"article","og_title":"Qui suis_je - Conseil100T","og_description":"L&rsquo;ALLIANCE RARE DU CORPORATE ET DE L&rsquo;HUMAIN 20 ANS VIE D&rsquo;ENTREPRISE Cofinoga \/ Pro BTP. Management, Gestion, Pilotage de la [&hellip;]","og_url":"http:\/\/www.conseil100t.fr\/","og_site_name":"Conseil100T","article_modified_time":"2026-02-14T13:35:17+00:00","og_image":[{"url":"https:\/\/www.conseil100t.fr\/wp-content\/uploads\/2026\/02\/pexels-photo-3183183-3183183-300x200.jpg","type":"","width":"","height":""}],"twitter_card":"summary_large_image","twitter_misc":{"Dur\u00e9e de lecture estim\u00e9e":"2 minutes"},"schema":{"@context":"https:\/\/schema.org","@graph":[{"@type":"WebPage","@id":"http:\/\/www.conseil100t.fr\/","url":"http:\/\/www.conseil100t.fr\/","name":"Qui suis_je - Conseil100T","isPartOf":{"@id":"http:\/\/www.conseil100t.fr\/#website"},"primaryImageOfPage":{"@id":"http:\/\/www.conseil100t.fr\/#primaryimage"},"image":{"@id":"http:\/\/www.conseil100t.fr\/#primaryimage"},"thumbnailUrl":"https:\/\/www.conseil100t.fr\/wp-content\/uploads\/2026\/02\/pexels-photo-3183183-3183183-300x200.jpg","datePublished":"2026-02-02T13:27:15+00:00","dateModified":"2026-02-14T13:35:17+00:00","breadcrumb":{"@id":"http:\/\/www.conseil100t.fr\/#breadcrumb"},"inLanguage":"fr-FR","potentialAction":[{"@type":"ReadAction","target":["http:\/\/www.conseil100t.fr\/"]}]},{"@type":"ImageObject","inLanguage":"fr-FR","@id":"http:\/\/www.conseil100t.fr\/#primaryimage","url":"https:\/\/www.conseil100t.fr\/wp-content\/uploads\/2026\/02\/pexels-photo-3183183-3183183-300x200.jpg","contentUrl":"https:\/\/www.conseil100t.fr\/wp-content\/uploads\/2026\/02\/pexels-photo-3183183-3183183-300x200.jpg"},{"@type":"BreadcrumbList","@id":"http:\/\/www.conseil100t.fr\/#breadcrumb","itemListElement":[{"@type":"ListItem","position":1,"name":"Accueil","item":"http:\/\/www.conseil100t.fr\/"},{"@type":"ListItem","position":2,"name":"Qui suis_je"}]},{"@type":"WebSite","@id":"http:\/\/www.conseil100t.fr\/#website","url":"http:\/\/www.conseil100t.fr\/","name":"Conseil100T","description":"R\u00e9v\u00e9lez le potentiel humain de votre entreprise !","publisher":{"@id":"http:\/\/www.conseil100t.fr\/#organization"},"potentialAction":[{"@type":"SearchAction","target":{"@type":"EntryPoint","urlTemplate":"http:\/\/www.conseil100t.fr\/?s={search_term_string}"},"query-input":{"@type":"PropertyValueSpecification","valueRequired":true,"valueName":"search_term_string"}}],"inLanguage":"fr-FR"},{"@type":"Organization","@id":"http:\/\/www.conseil100t.fr\/#organization","name":"Conseil100T","url":"http:\/\/www.conseil100t.fr\/","logo":{"@type":"ImageObject","inLanguage":"fr-FR","@id":"http:\/\/www.conseil100t.fr\/#\/schema\/logo\/image\/","url":"https:\/\/www.conseil100t.fr\/wp-content\/uploads\/2026\/02\/cropped-logo-1.png","contentUrl":"https:\/\/www.conseil100t.fr\/wp-content\/uploads\/2026\/02\/cropped-logo-1.png","width":311,"height":83,"caption":"Conseil100T"},"image":{"@id":"http:\/\/www.conseil100t.fr\/#\/schema\/logo\/image\/"}}]}},"uagb_featured_image_src":{"full":false,"thumbnail":false,"medium":false,"medium_large":false,"large":false,"1536x1536":false,"2048x2048":false},"uagb_author_info":{"display_name":"conseicontact","author_link":"https:\/\/www.conseil100t.fr\/?author=1"},"uagb_comment_info":0,"uagb_excerpt":"L&rsquo;ALLIANCE RARE DU CORPORATE ET DE L&rsquo;HUMAIN 20 ANS VIE D&rsquo;ENTREPRISE Cofinoga \/ Pro BTP. Management, Gestion, Pilotage de la [&hellip;]","_links":{"self":[{"href":"https:\/\/www.conseil100t.fr\/index.php?rest_route=\/wp\/v2\/pages\/7","targetHints":{"allow":["GET"]}}],"collection":[{"href":"https:\/\/www.conseil100t.fr\/index.php?rest_route=\/wp\/v2\/pages"}],"about":[{"href":"https:\/\/www.conseil100t.fr\/index.php?rest_route=\/wp\/v2\/types\/page"}],"author":[{"embeddable":true,"href":"https:\/\/www.conseil100t.fr\/index.php?rest_route=\/wp\/v2\/users\/1"}],"replies":[{"embeddable":true,"href":"https:\/\/www.conseil100t.fr\/index.php?rest_route=%2Fwp%2Fv2%2Fcomments&post=7"}],"version-history":[{"count":64,"href":"https:\/\/www.conseil100t.fr\/index.php?rest_route=\/wp\/v2\/pages\/7\/revisions"}],"predecessor-version":[{"id":330,"href":"https:\/\/www.conseil100t.fr\/index.php?rest_route=\/wp\/v2\/pages\/7\/revisions\/330"}],"wp:attachment":[{"href":"https:\/\/www.conseil100t.fr\/index.php?rest_route=%2Fwp%2Fv2%2Fmedia&parent=7"}],"curies":[{"name":"wp","href":"https:\/\/api.w.org\/{rel}","templated":true}]}}