{"id":99,"date":"2026-02-04T18:27:15","date_gmt":"2026-02-04T18:27:15","guid":{"rendered":"https:\/\/www.conseil100t.fr\/?page_id=99"},"modified":"2026-02-04T20:30:59","modified_gmt":"2026-02-04T20:30:59","slug":"mentions-legales","status":"publish","type":"page","link":"https:\/\/www.conseil100t.fr\/?page_id=99","title":{"rendered":"Mentions L\u00e9gales"},"content":{"rendered":"\n<p><strong>1. \u00c9diteur du site<\/strong> Le site CONSEIL 100T est \u00e9dit\u00e9 par : Sandra ALLAIRE Adresse : 16 rue Jean Moulin 33700 M\u00e9rignac T\u00e9l\u00e9phone :0760490172 Email : contact@conseil100t.fr SIRET : (791506124)<\/p>\n\n\n\n<p><strong>2. H\u00e9bergement<\/strong> Le site est h\u00e9berg\u00e9 par : OVH Adresse : <strong>OVH &#8211; 2 rue kellermann BP 80157 59053 ROUBAIX CEDEX 1 &#8211; France<\/strong><\/p>\n\n\n\n<p><strong>3. Propri\u00e9t\u00e9 intellectuelle<\/strong> L\u2019ensemble de ce site rel\u00e8ve de la l\u00e9gislation fran\u00e7aise et internationale sur le droit d\u2019auteur et la propri\u00e9t\u00e9 intellectuelle. Tous les droits de reproduction sont r\u00e9serv\u00e9s.<\/p>\n\n\n\n<p><\/p>\n","protected":false},"excerpt":{"rendered":"<p>1. \u00c9diteur du site Le site CONSEIL 100T est \u00e9dit\u00e9 par : Sandra ALLAIRE Adresse : 16 rue Jean Moulin [&hellip;]<\/p>\n","protected":false},"author":1,"featured_media":0,"parent":0,"menu_order":0,"comment_status":"closed","ping_status":"closed","template":"","meta":{"_uag_custom_page_level_css":"","site-sidebar-layout":"default","site-content-layout":"","ast-site-content-layout":"default","site-content-style":"default","site-sidebar-style":"default","ast-global-header-display":"disabled","ast-banner-title-visibility":"","ast-main-header-display":"","ast-hfb-above-header-display":"","ast-hfb-below-header-display":"","ast-hfb-mobile-header-display":"","site-post-title":"","ast-breadcrumbs-content":"","ast-featured-img":"","footer-sml-layout":"","ast-disable-related-posts":"","theme-transparent-header-meta":"","adv-header-id-meta":"","stick-header-meta":"","header-above-stick-meta":"","header-main-stick-meta":"","header-below-stick-meta":"","astra-migrate-meta-layouts":"default","ast-page-background-enabled":"default","ast-page-background-meta":{"desktop":{"background-color":"var(--ast-global-color-5)","background-image":"","background-repeat":"repeat","background-position":"center center","background-size":"auto","background-attachment":"scroll","background-type":"","background-media":"","overlay-type":"","overlay-color":"","overlay-opacity":"","overlay-gradient":""},"tablet":{"background-color":"","background-image":"","background-repeat":"repeat","background-position":"center center","background-size":"auto","background-attachment":"scroll","background-type":"","background-media":"","overlay-type":"","overlay-color":"","overlay-opacity":"","overlay-gradient":""},"mobile":{"background-color":"","background-image":"","background-repeat":"repeat","background-position":"center center","background-size":"auto","background-attachment":"scroll","background-type":"","background-media":"","overlay-type":"","overlay-color":"","overlay-opacity":"","overlay-gradient":""}},"ast-content-background-meta":{"desktop":{"background-color":"var(--ast-global-color-4)","background-image":"","background-repeat":"repeat","background-position":"center center","background-size":"auto","background-attachment":"scroll","background-type":"","background-media":"","overlay-type":"","overlay-color":"","overlay-opacity":"","overlay-gradient":""},"tablet":{"background-color":"var(--ast-global-color-4)","background-image":"","background-repeat":"repeat","background-position":"center center","background-size":"auto","background-attachment":"scroll","background-type":"","background-media":"","overlay-type":"","overlay-color":"","overlay-opacity":"","overlay-gradient":""},"mobile":{"background-color":"var(--ast-global-color-4)","background-image":"","background-repeat":"repeat","background-position":"center center","background-size":"auto","background-attachment":"scroll","background-type":"","background-media":"","overlay-type":"","overlay-color":"","overlay-opacity":"","overlay-gradient":""}},"footnotes":""},"class_list":["post-99","page","type-page","status-publish","hentry"],"yoast_head":"<!-- This site is optimized with the Yoast SEO plugin v26.9 - https:\/\/yoast.com\/product\/yoast-seo-wordpress\/ -->\n<title>Mentions L\u00e9gales - Conseil100T<\/title>\n<meta name=\"robots\" content=\"index, follow, max-snippet:-1, max-image-preview:large, max-video-preview:-1\" \/>\n<link rel=\"canonical\" href=\"https:\/\/www.conseil100t.fr\/?page_id=99\" \/>\n<meta property=\"og:locale\" content=\"fr_FR\" \/>\n<meta property=\"og:type\" content=\"article\" \/>\n<meta property=\"og:title\" content=\"Mentions L\u00e9gales - Conseil100T\" \/>\n<meta property=\"og:description\" content=\"1. \u00c9diteur du site Le site CONSEIL 100T est \u00e9dit\u00e9 par : Sandra ALLAIRE Adresse : 16 rue Jean Moulin [&hellip;]\" \/>\n<meta property=\"og:url\" content=\"https:\/\/www.conseil100t.fr\/?page_id=99\" \/>\n<meta property=\"og:site_name\" content=\"Conseil100T\" \/>\n<meta property=\"article:modified_time\" content=\"2026-02-04T20:30:59+00:00\" \/>\n<meta name=\"twitter:card\" content=\"summary_large_image\" \/>\n<meta name=\"twitter:label1\" content=\"Dur\u00e9e de lecture estim\u00e9e\" \/>\n\t<meta name=\"twitter:data1\" content=\"1 minute\" \/>\n<script type=\"application\/ld+json\" class=\"yoast-schema-graph\">{\"@context\":\"https:\/\/schema.org\",\"@graph\":[{\"@type\":\"WebPage\",\"@id\":\"https:\/\/www.conseil100t.fr\/?page_id=99\",\"url\":\"https:\/\/www.conseil100t.fr\/?page_id=99\",\"name\":\"Mentions L\u00e9gales - Conseil100T\",\"isPartOf\":{\"@id\":\"http:\/\/www.conseil100t.fr\/#website\"},\"datePublished\":\"2026-02-04T18:27:15+00:00\",\"dateModified\":\"2026-02-04T20:30:59+00:00\",\"breadcrumb\":{\"@id\":\"https:\/\/www.conseil100t.fr\/?page_id=99#breadcrumb\"},\"inLanguage\":\"fr-FR\",\"potentialAction\":[{\"@type\":\"ReadAction\",\"target\":[\"https:\/\/www.conseil100t.fr\/?page_id=99\"]}]},{\"@type\":\"BreadcrumbList\",\"@id\":\"https:\/\/www.conseil100t.fr\/?page_id=99#breadcrumb\",\"itemListElement\":[{\"@type\":\"ListItem\",\"position\":1,\"name\":\"Accueil\",\"item\":\"http:\/\/www.conseil100t.fr\/\"},{\"@type\":\"ListItem\",\"position\":2,\"name\":\"Mentions L\u00e9gales\"}]},{\"@type\":\"WebSite\",\"@id\":\"http:\/\/www.conseil100t.fr\/#website\",\"url\":\"http:\/\/www.conseil100t.fr\/\",\"name\":\"Conseil100T\",\"description\":\"R\u00e9v\u00e9lez le potentiel humain de votre entreprise !\",\"publisher\":{\"@id\":\"http:\/\/www.conseil100t.fr\/#organization\"},\"potentialAction\":[{\"@type\":\"SearchAction\",\"target\":{\"@type\":\"EntryPoint\",\"urlTemplate\":\"http:\/\/www.conseil100t.fr\/?s={search_term_string}\"},\"query-input\":{\"@type\":\"PropertyValueSpecification\",\"valueRequired\":true,\"valueName\":\"search_term_string\"}}],\"inLanguage\":\"fr-FR\"},{\"@type\":\"Organization\",\"@id\":\"http:\/\/www.conseil100t.fr\/#organization\",\"name\":\"Conseil100T\",\"url\":\"http:\/\/www.conseil100t.fr\/\",\"logo\":{\"@type\":\"ImageObject\",\"inLanguage\":\"fr-FR\",\"@id\":\"http:\/\/www.conseil100t.fr\/#\/schema\/logo\/image\/\",\"url\":\"https:\/\/www.conseil100t.fr\/wp-content\/uploads\/2026\/02\/cropped-logo-1.png\",\"contentUrl\":\"https:\/\/www.conseil100t.fr\/wp-content\/uploads\/2026\/02\/cropped-logo-1.png\",\"width\":311,\"height\":83,\"caption\":\"Conseil100T\"},\"image\":{\"@id\":\"http:\/\/www.conseil100t.fr\/#\/schema\/logo\/image\/\"}}]}<\/script>\n<!-- \/ Yoast SEO plugin. -->","yoast_head_json":{"title":"Mentions L\u00e9gales - Conseil100T","robots":{"index":"index","follow":"follow","max-snippet":"max-snippet:-1","max-image-preview":"max-image-preview:large","max-video-preview":"max-video-preview:-1"},"canonical":"https:\/\/www.conseil100t.fr\/?page_id=99","og_locale":"fr_FR","og_type":"article","og_title":"Mentions L\u00e9gales - Conseil100T","og_description":"1. \u00c9diteur du site Le site CONSEIL 100T est \u00e9dit\u00e9 par : Sandra ALLAIRE Adresse : 16 rue Jean Moulin [&hellip;]","og_url":"https:\/\/www.conseil100t.fr\/?page_id=99","og_site_name":"Conseil100T","article_modified_time":"2026-02-04T20:30:59+00:00","twitter_card":"summary_large_image","twitter_misc":{"Dur\u00e9e de lecture estim\u00e9e":"1 minute"},"schema":{"@context":"https:\/\/schema.org","@graph":[{"@type":"WebPage","@id":"https:\/\/www.conseil100t.fr\/?page_id=99","url":"https:\/\/www.conseil100t.fr\/?page_id=99","name":"Mentions L\u00e9gales - Conseil100T","isPartOf":{"@id":"http:\/\/www.conseil100t.fr\/#website"},"datePublished":"2026-02-04T18:27:15+00:00","dateModified":"2026-02-04T20:30:59+00:00","breadcrumb":{"@id":"https:\/\/www.conseil100t.fr\/?page_id=99#breadcrumb"},"inLanguage":"fr-FR","potentialAction":[{"@type":"ReadAction","target":["https:\/\/www.conseil100t.fr\/?page_id=99"]}]},{"@type":"BreadcrumbList","@id":"https:\/\/www.conseil100t.fr\/?page_id=99#breadcrumb","itemListElement":[{"@type":"ListItem","position":1,"name":"Accueil","item":"http:\/\/www.conseil100t.fr\/"},{"@type":"ListItem","position":2,"name":"Mentions L\u00e9gales"}]},{"@type":"WebSite","@id":"http:\/\/www.conseil100t.fr\/#website","url":"http:\/\/www.conseil100t.fr\/","name":"Conseil100T","description":"R\u00e9v\u00e9lez le potentiel humain de votre entreprise !","publisher":{"@id":"http:\/\/www.conseil100t.fr\/#organization"},"potentialAction":[{"@type":"SearchAction","target":{"@type":"EntryPoint","urlTemplate":"http:\/\/www.conseil100t.fr\/?s={search_term_string}"},"query-input":{"@type":"PropertyValueSpecification","valueRequired":true,"valueName":"search_term_string"}}],"inLanguage":"fr-FR"},{"@type":"Organization","@id":"http:\/\/www.conseil100t.fr\/#organization","name":"Conseil100T","url":"http:\/\/www.conseil100t.fr\/","logo":{"@type":"ImageObject","inLanguage":"fr-FR","@id":"http:\/\/www.conseil100t.fr\/#\/schema\/logo\/image\/","url":"https:\/\/www.conseil100t.fr\/wp-content\/uploads\/2026\/02\/cropped-logo-1.png","contentUrl":"https:\/\/www.conseil100t.fr\/wp-content\/uploads\/2026\/02\/cropped-logo-1.png","width":311,"height":83,"caption":"Conseil100T"},"image":{"@id":"http:\/\/www.conseil100t.fr\/#\/schema\/logo\/image\/"}}]}},"uagb_featured_image_src":{"full":false,"thumbnail":false,"medium":false,"medium_large":false,"large":false,"1536x1536":false,"2048x2048":false},"uagb_author_info":{"display_name":"conseicontact","author_link":"https:\/\/www.conseil100t.fr\/?author=1"},"uagb_comment_info":0,"uagb_excerpt":"1. \u00c9diteur du site Le site CONSEIL 100T est \u00e9dit\u00e9 par : Sandra ALLAIRE Adresse : 16 rue Jean Moulin [&hellip;]","_links":{"self":[{"href":"https:\/\/www.conseil100t.fr\/index.php?rest_route=\/wp\/v2\/pages\/99","targetHints":{"allow":["GET"]}}],"collection":[{"href":"https:\/\/www.conseil100t.fr\/index.php?rest_route=\/wp\/v2\/pages"}],"about":[{"href":"https:\/\/www.conseil100t.fr\/index.php?rest_route=\/wp\/v2\/types\/page"}],"author":[{"embeddable":true,"href":"https:\/\/www.conseil100t.fr\/index.php?rest_route=\/wp\/v2\/users\/1"}],"replies":[{"embeddable":true,"href":"https:\/\/www.conseil100t.fr\/index.php?rest_route=%2Fwp%2Fv2%2Fcomments&post=99"}],"version-history":[{"count":3,"href":"https:\/\/www.conseil100t.fr\/index.php?rest_route=\/wp\/v2\/pages\/99\/revisions"}],"predecessor-version":[{"id":106,"href":"https:\/\/www.conseil100t.fr\/index.php?rest_route=\/wp\/v2\/pages\/99\/revisions\/106"}],"wp:attachment":[{"href":"https:\/\/www.conseil100t.fr\/index.php?rest_route=%2Fwp%2Fv2%2Fmedia&parent=99"}],"curies":[{"name":"wp","href":"https:\/\/api.w.org\/{rel}","templated":true}]}}